 10*l**2 - 5*l + 13. Let c be k(-9). Let x = -45 - c. Let r = -11 - x. What is the units digit of r?
1
Let z(d) = d**3 + 5*d**2 + 3*d - 2. Let f be z(-5). Let q = 5 - f. What is the units digit of q?
2
Let q be (52/6)/((-4)/(-54)). Suppose -q - 1773 = -10*t. What is the units digit of t?
9
Let v(u) = -197*u - 204. What is the units digit of v(-8)?
2
Let u be (-2)/3*45/10. What is the hundreds digit of (-17 + 18)/((3/(-206))/u)?
2
Let u(p) = -6*p**3 + 2*p**2 - 5*p + 6. Let t = -4 - -11. Let k be u(t). What is the units digit of ((-2)/3)/(34/k)?
9
Let u = -474 + 2758. What is the hundreds digit of u?
2
Suppose 6*l = 2*l + 40. Suppose 0 = -12*u + l*u + 2. What is the units digit of u?
1
Let b(a) = 5*a**3 + 6*a**2 + a - 74. Let k(h) = -h**3 - h**2. Let w(c) = -b(c) - 6*k(c). What is the tens digit of w(0)?
7
Let g = -50 + 21. Let f = -27 - g. Suppose 3*q - 5*o - 36 = 2*q, -4 = -f*o. What is the tens digit of q?
4
Suppose -5*d = -0*d + 1375. Let g = d - -477. What is the hundreds digit of g?
2
Let x be 1785/77 + 5/((-55)/2). Suppose 5*p + 2 = -3*z + x, 18 = 3*z + 4*p. What is the units digit of z?
2
Let r = -558 + 385. Let b = r - -362. What is the hundreds digit of b?
1
Let b(p) = p**3 - 14*p**2 + 14*p + 1. Let f be b(13). Suppose -2*s - 88 + f = -4*g, g + 2*s = 11. What is the units digit of g?
7
Let w(r) = -2*r**2 - 4*r + 2. Suppose -6 = 6*s - 4*s. Let a be w(s). Let h = a - -11. What is the units digit of h?
7
Suppose -12*a + 13899 + 11985 = 0. What is the hundreds digit of a?
1
Suppose 3*b + b = 20. Suppose 0*m - 4*c + 2 = -2*m, -4*m - b*c = -48. Suppose -11*v + m = -10*v. What is the units digit of v?
7
Let a = 14 - 105. Let j be 136 + -3 + -2 + 0. Let n = j + a. What is the tens digit of n?
4
Suppose 18*t + 2778 - 18618 = 0. What is the tens digit of t?
8
Suppose 2*k - 3 = -y, 1 = -2*y + 2*k + k. Suppose -1 = -a + y. Suppose 4*j = -a*p + 50, 0 = 6*j - j - p - 52. What is the tens digit of j?
1
Let k be 1/(-3) - (-38)/6. Suppose g - 2*q = -4*g + 546, -4*g = 4*q - 448. Suppose -k*j = -j - g. What is the units digit of j?
2
Let a = 32 + -25. Let l = a + 4. What is the units digit of l?
1
Let r = 5 + -5. Let n(j) = -j**2 - j. Let t be n(r). Suppose t = -2*s + 7*s - 65. What is the tens digit of s?
1
Let m(d) be the second derivative of d**4/12 + 11*d**3/6 + 3*d**2 - 58*d. What is the hundreds digit of m(6)?
1
Suppose -4*k + k = 3*h + 6, 0 = 3*h + 15. Suppose k*u - 10 = u. Suppose 26 = 2*z - 0*v + 2*v, 5*z - u*v = 75. What is the units digit of z?
4
Let s(d) = 2*d**3 + 2*d**2 + 2*d - 1. Suppose 0*j = 2*j + 5*k - 1, 2*k = j - 5. Suppose 7 = 2*m + j*n, -m + 0*m + 4*n = 2. What is the units digit of s(m)?
7
Suppose 7*p - 5*p = 26. What is the tens digit of p?
1
Suppose 5*u - 4*f - 29 = 0, 5*u - 41 = 5*f - 11. Suppose -2*k + u = -57. What is the units digit of k?
1
What is the tens digit of 19513/19 - 2*2?
2
Let n be (-2 - (-1 + 2)) + 233. Let f = -99 + n. What is the units digit of f?
1
Let c(m) = -255*m - 382. What is the tens digit of c(-12)?
7
Suppose 31 = 8*z - 2449. What is the units digit of z?
0
Let k(x) = x**2 - 6*x + 5. Let m be k(5). Suppose 3*z + m = 6. Suppose 2*f + z*y = -0*y + 26, -4*f - 3*y = -47. What is the units digit of f?
8
Let j be 12/42 - (-40)/7. Suppose j*h + 9 = 3*h. Let n = 16 - h. What is the tens digit of n?
1
Let s = 80 - 79. What is the hundreds digit of 196*((-28)/(-16) - s)?
1
Let w(h) = 2*h + 241. What is the units digit of w(0)?
1
Suppose 146*j = 151*j - 1115. What is the hundreds digit of j?
2
Suppose -167*h = -161*h - 1530. What is the tens digit of h?
5
Let q(a) = -27*a**3 - 2*a**2 - 2*a - 1. Let n be q(-1). Suppose -99*g = -102*g + 45. Let o = n - g. What is the tens digit of o?
1
Suppose 3*y - 9983 = z, -3*y - 1754 = 5*z - 11707. What is the hundreds digit of y?
3
Let q = -651 + -549. What is the tens digit of q/(-7) + 36/(-84)?
7
Let m(l) be the third derivative of -l**4/12 + 35*l**3/6 + 23*l**2. What is the units digit of m(-15)?
5
Let w(v) = v**3 - 18*v**2 + 76. What is the tens digit of w(22)?
1
Let i(p) = -2*p**2 - 2*p + 9. Let b be i(-5). Let k = b - -41. What is the units digit of k?
0
Let s = -22 - -96. Let h = s - 24. Let n = h - -9. What is the units digit of n?
9
Suppose -3*c + 134 - 20 = 0. Let x = c + -2. What is the tens digit of x?
3
Let x = 2379 - 1157. What is the thousands digit of x?
1
What is the hundreds digit of 282/1*(-17)/(102/(-20))?
9
What is the thousands digit of 1704 - (5 - 4)*1?
1
Let a(c) = -44*c + 10. Let w be a(4). Let z = 377 + w. What is the tens digit of z?
1
Let s(u) = u**3 + 4*u**2 - 3*u + 3. Let n be s(3). Let m = n + -25. What is the units digit of m?
2
Let b(c) = -127*c - 810. What is the hundreds digit of b(-35)?
6
Let y(a) = 1 + 15*a + 2 - 85*a - 1. What is the units digit of y(-1)?
2
Let t(l) = -4*l + 1. Let a be 8/(-4*1/(-2)). Suppose -a*f + 10 = -6*f. What is the units digit of t(f)?
1
What is the tens digit of 105759/243 - 2/9?
3
Let n = 448 - 364. What is the tens digit of n?
8
Let s(v) = -v**2 + 10*v + 3. Let o be 17/2 + (-3)/(-2). Let n be s(o). Suppose j - 2*c - 8 = -3*c, n*c = 0. What is the units digit of j?
8
Let g(b) be the first derivative of 1/3*b**3 + 15/2*b**2 + 4 - b. What is the units digit of g(-16)?
5
Suppose 34*k - k - 18315 = 0. What is the tens digit of k?
5
Let g = 43 + -41. Suppose 3*i = -6, 0 = 5*j - 3*i + 2 - 13. What is the units digit of 19 + g/(j/1)?
1
Suppose 0 = -0*k + 5*k - 20. Suppose k*t = 5 + 3. Suppose -3*n = t*n - 15. What is the units digit of n?
3
Suppose 12*s - 2209 = 6551. What is the tens digit of s?
3
Suppose 2*x = -4*t + 18, -17 - 19 = -5*x - t. Let h be (-3)/(-12) + x/4. Suppose -2*f = 2*f + h*g - 218, 6 = 2*g. What is the tens digit of f?
5
Suppose -t = 4*t - 15. Suppose 300 = 5*p + 2*u - 6*u, -t*u = 15. What is the tens digit of p?
5
Let c = 188 - 95. Let r = 231 - c. What is the tens digit of r?
3
Let m(h) = -h**3 - h**2 - 2*h + 1. Let g = 53 + -57. What is the units digit of m(g)?
7
Let v = -70 + 98. What is the units digit of (6 + v)*(-9)/(-6)?
1
Suppose 3*b - 12 = -3*o - 0*b, -2*b = o. What is the tens digit of -10 + o + (0 - 0 - -92)?
9
Suppose x + 476 - 2982 = 0. What is the tens digit of x?
0
Suppose -2*a - 3*w + 730 = 2*w, 4*a + 3*w - 1488 = 0. What is the tens digit of a?
7
Let y(s) = -15*s - 10. Let t be 4/((0 - -1)*-1). What is the tens digit of y(t)?
5
Let s(c) = -3*c**3 - 13*c**2 + 7*c + 14. What is the tens digit of s(-6)?
5
Let l(u) be the third derivative of u**7/2520 + u**6/360 - u**5/12 + 7*u**2. Let z(y) be the third derivative of l(y). What is the units digit of z(12)?
6
Suppose 4*s = 28 - 4. Suppose s = 2*y - 0. Suppose -y*g = -4*c - c, -c + 18 = 3*g. What is the units digit of g?
5
Suppose 0 = -4*b - 12, -4*o - 980 = -4*b - 4160. What is the tens digit of o?
9
Suppose -6*h = -h + 40. Suppose w = 5*w - 196. Let q = h + w. What is the units digit of q?
1
Suppose 12*v - 9*v + 3*s = 1566, -514 = -v - 5*s. What is the hundreds digit of v?
5
Let y(j) = 2*j**2 + 9*j - 7. Let l(n) = n**2. Let u(r) = l(r) + y(r). Let m be u(-8). What is the tens digit of m/4 - (-2)/(-8)?
2
Let t(c) be the second derivative of -3*c**3/2 + 7*c**2/2 - 3*c. What is the units digit of t(-11)?
6
Let f = -866 + 1862. What is the units digit of f?
6
Let y = -2396 - -3440. What is the units digit of y?
4
What is the tens digit of ((-2)/(-5))/(71/410380)?
1
What is the thousands digit of (-60)/(-100) - (18244/(-10) + 2)?
1
Let n be (-41 + 1)/(-5) - 4. Suppose 5*v - 4*z - 1142 = 0, 0*z = -n*v + 2*z + 910. What is the units digit of v?
6
Let g = -354 - -728. What is the tens digit of g?
7
Let w = -223 + 402. What is the tens digit of w?
7
Let y(c) = -c**2 + 4*c - 1. Let s be y(6). Let n = s - -16. Suppose -27 = n*z - 6*z. What is the units digit of z?
9
Let q be (2 + -6 - -3) + 20. Let n = q - 10. Let y = n - 6. What is the units digit of y?
3
Let i be (-30 + -1)/((-1)/1). Suppose 0*b - 417 = -3*b. Suppose -5*j - a = -b, 2*j + a = j + i. What is the tens digit of j?
2
Suppose 3*a + 7*w = 611 + 11172, 2*w + 11765 = 3*a. What is the thousands digit of a?
3
Let v = -645 - -1160. What is the tens digit of v?
1
Let v = 1024 + -318. What is the units digit of v?
6
Let z be (-4)/22 + 270/33. What is the hundreds digit of z/(-8)*(-1 - 452)/